{"id":2246,"date":"2025-08-11T04:26:24","date_gmt":"2025-08-11T11:26:24","guid":{"rendered":"https:\/\/spracht.com\/?post_type=product&#038;p=2246"},"modified":"2026-03-20T11:53:36","modified_gmt":"2026-03-20T18:53:36","slug":"tonen-ha-1","status":"publish","type":"product","link":"https:\/\/spracht.com\/fr\/shop\/tonen-ha-1\/","title":{"rendered":"Tonen\u2122 HA-1 Aide auditive personnalisable"},"content":{"rendered":"<p>Spracht annonce sa nouvelle famille de produits, Tonen. Passez d'une approche passive de \u201cl'audition\u201d \u00e0 une \u201c\u00e9coute\u201d active, cibl\u00e9e et concentr\u00e9e. D\u00e9couvrez un produit v\u00e9ritablement personnel qui vous permet de compenser une perte auditive mod\u00e9r\u00e9e gr\u00e2ce \u00e0 une solution \u00e9l\u00e9gante et simple.<\/p>\n<p>Le Tonen HA-1 est une aide auditive abordable et facile \u00e0 utiliser, associ\u00e9e \u00e0 une application utilisateur qui vous permet de devenir votre propre audioproth\u00e9siste ! C'est exact. Vous programmez le Tonen HA-1 en seulement 5 minutes gr\u00e2ce \u00e0 un test auditif \u00e9tape par \u00e9tape.<\/p>\n<p><strong>Caract\u00e9ristiques de tonenTM<\/strong><\/p>\n<ol>\n<li>\u00c9l\u00e9gant et discret<\/li>\n<li>Embouts d'oreilles personnalisables<\/li>\n<li>Fonction Marche\/Arr\u00eat bidirectionnelle<\/li>\n<li>Connexion automatique Bluetooth pour les appels t\u00e9l\u00e9phoniques<\/li>\n<li>Assistant vocal pour smartphone<\/li>\n<li>Application d'audition intelligente pour des ajustements personnalis\u00e9s faciles<\/li>\n<li>Batterie rechargeable. \u00c9tui de chargement inclus<\/li>\n<\/ol>\n<p><strong>Manuel de l'appareil auditif Spracht \u2013 <a href=\"https:\/\/spracht.com\/wp-content\/uploads\/2025\/08\/SprachtHearingAidManual-2up.pdf\">T\u00e9l\u00e9charger<\/a><\/strong><\/p>\n<p><strong>D\u00e9marrage rapide Tonen R2 \u2013 <a href=\"https:\/\/spracht.com\/wp-content\/uploads\/2025\/08\/TonenQuickstartR2.pdf\">T\u00e9l\u00e9charger<\/a><\/strong><\/p>","protected":false},"excerpt":{"rendered":"<p>Spracht annonce sa nouvelle famille de produits, tonen.<\/p>","protected":false},"featured_media":2248,"comment_status":"open","ping_status":"closed","template":"","meta":{"_kad_blocks_custom_css":"","_kad_blocks_head_custom_js":"","_kad_blocks_body_custom_js":"","_kad_blocks_footer_custom_js":"","_kad_post_transparent":"default","_kad_post_title":"","_kad_post_layout":"default","_kad_post_sidebar_id":"","_kad_post_content_style":"default","_kad_post_vertical_padding":"default","_kad_post_feature":"","_kad_post_feature_position":"","_kad_post_header":false,"_kad_post_footer":false,"_kad_post_classname":""},"product_brand":[],"product_cat":[35],"product_tag":[],"class_list":{"0":"post-2246","1":"product","2":"type-product","3":"status-publish","4":"has-post-thumbnail","6":"product_cat-wireless-headsets-bluetooth","8":"first","9":"instock","10":"taxable","11":"shipping-taxable","12":"purchasable","13":"product-type-simple","14":"entry","15":"content-bg","16":"loop-entry"},"taxonomy_info":{"product_cat":[{"value":35,"label":"Wireless Headsets Bluetooth"}]},"featured_image_src_large":["https:\/\/i0.wp.com\/spracht.com\/wp-content\/uploads\/2025\/08\/Tonen_1-1.jpg?fit=1024%2C683&ssl=1",1024,683,true],"author_info":[],"comment_info":5,"jetpack_sharing_enabled":true,"_links":{"self":[{"href":"https:\/\/spracht.com\/fr\/wp-json\/wp\/v2\/product\/2246","targetHints":{"allow":["GET"]}}],"collection":[{"href":"https:\/\/spracht.com\/fr\/wp-json\/wp\/v2\/product"}],"about":[{"href":"https:\/\/spracht.com\/fr\/wp-json\/wp\/v2\/types\/product"}],"replies":[{"embeddable":true,"href":"https:\/\/spracht.com\/fr\/wp-json\/wp\/v2\/comments?post=2246"}],"wp:featuredmedia":[{"embeddable":true,"href":"https:\/\/spracht.com\/fr\/wp-json\/wp\/v2\/media\/2248"}],"wp:attachment":[{"href":"https:\/\/spracht.com\/fr\/wp-json\/wp\/v2\/media?parent=2246"}],"wp:term":[{"taxonomy":"product_brand","embeddable":true,"href":"https:\/\/spracht.com\/fr\/wp-json\/wp\/v2\/product_brand?post=2246"},{"taxonomy":"product_cat","embeddable":true,"href":"https:\/\/spracht.com\/fr\/wp-json\/wp\/v2\/product_cat?post=2246"},{"taxonomy":"product_tag","embeddable":true,"href":"https:\/\/spracht.com\/fr\/wp-json\/wp\/v2\/product_tag?post=2246"}],"curies":[{"name":"wp","href":"https:\/\/api.w.org\/{rel}","templated":true}]}}

<p>Spracht annonce sa nouvelle famille de produits, Tonen. Passez d'une approche passive de “l'audition” à une “écoute” active, ciblée et concentrée. Découvrez un produit véritablement personnel qui vous permet de compenser une perte auditive modérée grâce à une solution élégante et simple.</p>
<p>Le Tonen HA-1 est une aide auditive abordable et facile à utiliser, associée à une application utilisateur qui vous permet de devenir votre propre audioprothésiste ! C'est exact. Vous programmez le Tonen HA-1 en seulement 5 minutes grâce à un test auditif étape par étape.</p>
<p><strong>Caractéristiques de tonenTM</strong></p>
<ol>
<li>Élégant et discret</li>
<li>Embouts d'oreilles personnalisables</li>
<li>Fonction Marche/Arrêt bidirectionnelle</li>
<li>Connexion automatique Bluetooth pour les appels téléphoniques</li>
<li>Assistant vocal pour smartphone</li>
<li>Application d'audition intelligente pour des ajustements personnalisés faciles</li>
<li>Batterie rechargeable. Étui de chargement inclus</li>
</ol>
<p><strong>Manuel de l'appareil auditif Spracht – <a href="https://spracht.com/wp-content/uploads/2025/08/SprachtHearingAidManual-2up.pdf">Télécharger</a></strong></p>
<p><strong>Démarrage rapide Tonen R2 – <a href="https://spracht.com/wp-content/uploads/2025/08/TonenQuickstartR2.pdf">Télécharger</a></strong></p>
